{"id":1333,"date":"2020-06-08T02:42:48","date_gmt":"2020-06-08T02:42:48","guid":{"rendered":"http:\/\/estraseg.net\/?page_id=1333"},"modified":"2020-06-09T04:56:25","modified_gmt":"2020-06-09T04:56:25","slug":"consultoria","status":"publish","type":"page","link":"https:\/\/estraseg.net\/?page_id=1333","title":{"rendered":"Consultoria"},"content":{"rendered":"\t\t<div data-elementor-type=\"wp-page\" data-elementor-id=\"1333\" class=\"elementor elementor-1333\">\n\t\t\t\t\t\t<section class=\"elementor-section elementor-top-section elementor-element elementor-element-525a847 elementor-section-boxed elementor-section-height-default elementor-section-height-default\" data-id=\"525a847\" data-element_type=\"section\">\n\t\t\t\t\t\t<div class=\"elementor-container elementor-column-gap-default\">\n\t\t\t\t\t<div class=\"elementor-column elementor-col-100 elementor-top-column elementor-element elementor-element-691421c\" data-id=\"691421c\" data-element_type=\"column\">\n\t\t\t<div class=\"elementor-widget-wrap elementor-element-populated\">\n\t\t\t\t\t\t<div class=\"elementor-element elementor-element-7adb0a8 elementor-widget elementor-widget-heading\" data-id=\"7adb0a8\" data-element_type=\"widget\" data-widget_type=\"heading.default\">\n\t\t\t\t<div class=\"elementor-widget-container\">\n\t\t\t\t\t<h2 class=\"elementor-heading-title elementor-size-default\">Asesor\u00eda y consultor\u00eda<\/h2>\t\t\t\t<\/div>\n\t\t\t\t<\/div>\n\t\t\t\t<div class=\"elementor-element elementor-element-3d31545 elementor-widget elementor-widget-image\" data-id=\"3d31545\" data-element_type=\"widget\" data-widget_type=\"image.default\">\n\t\t\t\t<div class=\"elementor-widget-container\">\n\t\t\t\t\t\t\t\t\t\t\t\t\t\t\t<img fetchpriority=\"high\" decoding=\"async\" width=\"1536\" height=\"800\" src=\"https:\/\/estraseg.net\/wp-content\/uploads\/2020\/06\/2-3840x2000-1-1536x800.jpg\" class=\"attachment-1536x1536 size-1536x1536 wp-image-1335\" alt=\"\" srcset=\"https:\/\/estraseg.net\/wp-content\/uploads\/2020\/06\/2-3840x2000-1-1536x800.jpg 1536w, https:\/\/estraseg.net\/wp-content\/uploads\/2020\/06\/2-3840x2000-1-300x156.jpg 300w, https:\/\/estraseg.net\/wp-content\/uploads\/2020\/06\/2-3840x2000-1-1024x533.jpg 1024w, https:\/\/estraseg.net\/wp-content\/uploads\/2020\/06\/2-3840x2000-1-768x400.jpg 768w, https:\/\/estraseg.net\/wp-content\/uploads\/2020\/06\/2-3840x2000-1-2048x1067.jpg 2048w\" sizes=\"(max-width: 1536px) 100vw, 1536px\" \/>\t\t\t\t\t\t\t\t\t\t\t\t\t\t\t<\/div>\n\t\t\t\t<\/div>\n\t\t\t\t<div class=\"elementor-element elementor-element-3c5c9ae elementor-widget elementor-widget-text-editor\" data-id=\"3c5c9ae\" data-element_type=\"widget\" data-widget_type=\"text-editor.default\">\n\t\t\t\t<div class=\"elementor-widget-container\">\n\t\t\t\t\t\t\t\t\t<p>Brindamos el mejor servicio de asesor\u00eda y consultor\u00eda optimizando los recursos en sus sistemas de seguridad y vigilancia.<\/p><p>Desarrollamos e implementamos las mejores estrategias de seguridad, con la m\u00e1s alta tecnolog\u00eda y calidad garantizando eficacia en sus objetivos.<\/p><p>Nuestras soluciones son adaptadas de acuerdo a necesidad de cada cliente, desde una persona en particular a empresas multinacionales.<\/p>\t\t\t\t\t\t\t\t<\/div>\n\t\t\t\t<\/div>\n\t\t\t\t\t<\/div>\n\t\t<\/div>\n\t\t\t\t\t<\/div>\n\t\t<\/section>\n\t\t\t\t<section class=\"elementor-section elementor-top-section elementor-element elementor-element-b02c8fa elementor-section-content-middle elementor-section-boxed elementor-section-height-default elementor-section-height-default\" data-id=\"b02c8fa\" data-element_type=\"section\" data-settings=\"{&quot;background_background&quot;:&quot;classic&quot;}\">\n\t\t\t\t\t\t<div class=\"elementor-container elementor-column-gap-no\">\n\t\t\t\t\t<div class=\"elementor-column elementor-col-100 elementor-top-column elementor-element elementor-element-dc3e9cf\" data-id=\"dc3e9cf\" data-element_type=\"column\">\n\t\t\t<div class=\"elementor-widget-wrap elementor-element-populated\">\n\t\t\t\t\t\t<section class=\"elementor-section elementor-inner-section elementor-element elementor-element-b02d6fd elementor-section-boxed elementor-section-height-default elementor-section-height-default\" data-id=\"b02d6fd\" data-element_type=\"section\">\n\t\t\t\t\t\t<div class=\"elementor-container elementor-column-gap-default\">\n\t\t\t\t\t<div class=\"elementor-column elementor-col-33 elementor-inner-column elementor-element elementor-element-fbed5e8\" data-id=\"fbed5e8\" data-element_type=\"column\" data-settings=\"{&quot;background_background&quot;:&quot;classic&quot;}\">\n\t\t\t<div class=\"elementor-widget-wrap elementor-element-populated\">\n\t\t\t\t\t<div class=\"elementor-background-overlay\"><\/div>\n\t\t\t\t\t\t<div class=\"elementor-element elementor-element-285514c elementor-view-framed elementor-position-right elementor-shape-circle elementor-mobile-position-top elementor-vertical-align-top elementor-widget elementor-widget-icon-box\" data-id=\"285514c\" data-element_type=\"widget\" data-widget_type=\"icon-box.default\">\n\t\t\t\t<div class=\"elementor-widget-container\">\n\t\t\t\t\t\t\t<div class=\"elementor-icon-box-wrapper\">\n\n\t\t\t\t\t\t<div class=\"elementor-icon-box-icon\">\n\t\t\t\t<span  class=\"elementor-icon\">\n\t\t\t\t<i aria-hidden=\"true\" class=\"fas fa-chart-bar\"><\/i>\t\t\t\t<\/span>\n\t\t\t<\/div>\n\t\t\t\n\t\t\t\t\t\t<div class=\"elementor-icon-box-content\">\n\n\t\t\t\t\t\t\t\t\t<h3 class=\"elementor-icon-box-title\">\n\t\t\t\t\t\t<span  >\n\t\t\t\t\t\t\tEstudio de Seguridad\t\t\t\t\t\t<\/span>\n\t\t\t\t\t<\/h3>\n\t\t\t\t\n\t\t\t\t\n\t\t\t<\/div>\n\t\t\t\n\t\t<\/div>\n\t\t\t\t\t\t<\/div>\n\t\t\t\t<\/div>\n\t\t\t\t<div class=\"elementor-element elementor-element-80cec9e elementor-widget elementor-widget-text-editor\" data-id=\"80cec9e\" data-element_type=\"widget\" data-widget_type=\"text-editor.default\">\n\t\t\t\t<div class=\"elementor-widget-container\">\n\t\t\t\t\t\t\t\t\t<p>Ofrecemos estudios de seguridad con personal calificado, que se encarga de emitir un diagn\u00f3stico de vulnerabilidades y riesgos existentes, dando la oportunidad de actuar para subsanar estos a trav\u00e9s de un an\u00e1lisis de riesgos.<\/p><p><span class=\"x-el x-el-span c1-68 c1-69 c1-b c1-c c1-d c1-e c1-f c1-g x-d-ux\"><strong class=\"x-el x-el-span c1-20 c1-21 c1-61 c1-62 c1-63 c1-64 c1-b x-d-ux\">Beneficios:<\/strong><\/span><\/p><ul><li class=\"x-el x-el-span c1-68 c1-69 c1-b c1-c c1-d c1-e c1-f c1-g x-d-ux\">Permite detectar las posibles amenazas latentes o que pasan por desapercibidas.<\/li><li class=\"x-el x-el-span c1-68 c1-69 c1-b c1-c c1-d c1-e c1-f c1-g x-d-ux\">Minimizar y mitigar los riesgos tomando el control de nuestro ambiente y sus alrededores.<\/li><li class=\"x-el x-el-span c1-68 c1-69 c1-b c1-c c1-d c1-e c1-f c1-g x-d-ux\">Facilita toma decisiones m\u00e1s efectivas para su organizaci\u00f3n al tener presente todas las perspectivas presentes.<\/li><li class=\"x-el x-el-span c1-68 c1-69 c1-b c1-c c1-d c1-e c1-f c1-g x-d-ux\">Mejora de los procesos yo toma de decisiones puntuales<\/li><\/ul>\t\t\t\t\t\t\t\t<\/div>\n\t\t\t\t<\/div>\n\t\t\t\t\t<\/div>\n\t\t<\/div>\n\t\t\t\t<div class=\"elementor-column elementor-col-33 elementor-inner-column elementor-element elementor-element-854262a\" data-id=\"854262a\" data-element_type=\"column\" data-settings=\"{&quot;background_background&quot;:&quot;classic&quot;}\">\n\t\t\t<div class=\"elementor-widget-wrap elementor-element-populated\">\n\t\t\t\t\t<div class=\"elementor-background-overlay\"><\/div>\n\t\t\t\t\t\t<div class=\"elementor-element elementor-element-58bb9de elementor-view-framed elementor-position-right elementor-shape-circle elementor-mobile-position-top elementor-vertical-align-top elementor-widget elementor-widget-icon-box\" data-id=\"58bb9de\" data-element_type=\"widget\" data-widget_type=\"icon-box.default\">\n\t\t\t\t<div class=\"elementor-widget-container\">\n\t\t\t\t\t\t\t<div class=\"elementor-icon-box-wrapper\">\n\n\t\t\t\t\t\t<div class=\"elementor-icon-box-icon\">\n\t\t\t\t<span  class=\"elementor-icon\">\n\t\t\t\t<i aria-hidden=\"true\" class=\"fas fa-chart-line\"><\/i>\t\t\t\t<\/span>\n\t\t\t<\/div>\n\t\t\t\n\t\t\t\t\t\t<div class=\"elementor-icon-box-content\">\n\n\t\t\t\t\t\t\t\t\t<h3 class=\"elementor-icon-box-title\">\n\t\t\t\t\t\t<span  >\n\t\t\t\t\t\t\tAn\u00e1lisis de Riesgo\t\t\t\t\t\t<\/span>\n\t\t\t\t\t<\/h3>\n\t\t\t\t\n\t\t\t\t\n\t\t\t<\/div>\n\t\t\t\n\t\t<\/div>\n\t\t\t\t\t\t<\/div>\n\t\t\t\t<\/div>\n\t\t\t\t<div class=\"elementor-element elementor-element-85c4ff3 elementor-widget elementor-widget-text-editor\" data-id=\"85c4ff3\" data-element_type=\"widget\" data-widget_type=\"text-editor.default\">\n\t\t\t\t<div class=\"elementor-widget-container\">\n\t\t\t\t\t\t\t\t\t<p><span class=\"x-el x-el-span c1-68 c1-69 c1-b c1-c c1-d c1-e c1-f c1-g x-d-ux\">Mediante an\u00e1lisis previo determinamos el nivel de seguridad que mantiene su empresa, fallas o posibles riegos, brind\u00e1ndonos un panorama claro de las medidas o mejoras a implementar, permiti\u00e9ndonos ofrecerle soluciones en seguridad que cumplan con sus necesidades.<\/span><\/p><p><span class=\"x-el x-el-span c1-68 c1-69 c1-b c1-c c1-d c1-e c1-f c1-g x-d-ux\"><strong class=\"x-el x-el-span c1-20 c1-21 c1-61 c1-62 c1-63 c1-64 c1-b x-d-ux\">Beneficios:<\/strong><\/span><\/p><ul><li class=\"x-el x-el-span c1-68 c1-69 c1-b c1-c c1-d c1-e c1-f c1-g x-d-ux\">Optimiza los tiempos de reacci\u00f3n identificado los riesgos de manera oportuna.<\/li><li class=\"x-el x-el-span c1-68 c1-69 c1-b c1-c c1-d c1-e c1-f c1-g x-d-ux\">Evita gastos adicionales ligados al presupuesto<\/li><li class=\"x-el x-el-span c1-68 c1-69 c1-b c1-c c1-d c1-e c1-f c1-g x-d-ux\">Mayor probabilidad de que se cumplan los objetivos en su organizaci\u00f3n<\/li><li class=\"x-el x-el-span c1-68 c1-69 c1-b c1-c c1-d c1-e c1-f c1-g x-d-ux\">Hace que la prevenci\u00f3n se incluya en la cultura de la organizaci\u00f3n obteniendo resultados favorables.<\/li><\/ul>\t\t\t\t\t\t\t\t<\/div>\n\t\t\t\t<\/div>\n\t\t\t\t\t<\/div>\n\t\t<\/div>\n\t\t\t\t<div class=\"elementor-column elementor-col-33 elementor-inner-column elementor-element elementor-element-572bf51\" data-id=\"572bf51\" data-element_type=\"column\" data-settings=\"{&quot;background_background&quot;:&quot;classic&quot;}\">\n\t\t\t<div class=\"elementor-widget-wrap elementor-element-populated\">\n\t\t\t\t\t<div class=\"elementor-background-overlay\"><\/div>\n\t\t\t\t\t\t<div class=\"elementor-element elementor-element-660580d elementor-view-framed elementor-position-right elementor-shape-circle elementor-mobile-position-top elementor-vertical-align-top elementor-widget elementor-widget-icon-box\" data-id=\"660580d\" data-element_type=\"widget\" data-widget_type=\"icon-box.default\">\n\t\t\t\t<div class=\"elementor-widget-container\">\n\t\t\t\t\t\t\t<div class=\"elementor-icon-box-wrapper\">\n\n\t\t\t\t\t\t<div class=\"elementor-icon-box-icon\">\n\t\t\t\t<span  class=\"elementor-icon\">\n\t\t\t\t<i aria-hidden=\"true\" class=\"fas fa-search\"><\/i>\t\t\t\t<\/span>\n\t\t\t<\/div>\n\t\t\t\n\t\t\t\t\t\t<div class=\"elementor-icon-box-content\">\n\n\t\t\t\t\t\t\t\t\t<h4 class=\"elementor-icon-box-title\">\n\t\t\t\t\t\t<span  >\n\t\t\t\t\t\t\tInvestigaciones\t\t\t\t\t\t<\/span>\n\t\t\t\t\t<\/h4>\n\t\t\t\t\n\t\t\t\t\n\t\t\t<\/div>\n\t\t\t\n\t\t<\/div>\n\t\t\t\t\t\t<\/div>\n\t\t\t\t<\/div>\n\t\t\t\t<div class=\"elementor-element elementor-element-a28152c elementor-widget elementor-widget-text-editor\" data-id=\"a28152c\" data-element_type=\"widget\" data-widget_type=\"text-editor.default\">\n\t\t\t\t<div class=\"elementor-widget-container\">\n\t\t\t\t\t\t\t\t\t<p><span class=\"x-el x-el-span c1-68 c1-69 c1-b c1-c c1-d c1-e c1-f c1-g x-d-ux\">Ofrecemos servicio de investigaci\u00f3n privada a manos de personal calificado caracteriz\u00e1ndonos por un buen manejo de la informaci\u00f3n y confidencialidad.<\/span><\/p>\n<p><span class=\"x-el x-el-span c1-68 c1-69 c1-b c1-c c1-d c1-e c1-f c1-g x-d-ux\">Garantizando esclarecimiento en los hechos con evidencias soportadas que indiquen la culpabilidad de alg\u00fan sujeto.<\/span><\/p>\n<p><span class=\"x-el x-el-span c1-68 c1-69 c1-b c1-c c1-d c1-e c1-f c1-g x-d-ux\"><strong class=\"x-el x-el-span c1-20 c1-21 c1-61 c1-62 c1-63 c1-64 c1-b x-d-ux\">Beneficios:<\/strong><\/span><\/p>\n<ul>\n<li class=\"x-el x-el-span c1-68 c1-69 c1-b c1-c c1-d c1-e c1-f c1-g x-d-ux\">Garant\u00eda de la informaci\u00f3n suministrada por los investigadores es ver\u00eddica y exacta.<\/li>\n<li class=\"x-el x-el-span c1-68 c1-69 c1-b c1-c c1-d c1-e c1-f c1-g x-d-ux\">Permite corregir fallas en los procesos y seguir recomendaciones dadas por los investigadores.<\/li>\n<li class=\"x-el x-el-span c1-68 c1-69 c1-b c1-c c1-d c1-e c1-f c1-g x-d-ux\">Permite descubrir hechos que pueden no ser evidentes inmediatamente<\/li>\n<\/ul>\t\t\t\t\t\t\t\t<\/div>\n\t\t\t\t<\/div>\n\t\t\t\t\t<\/div>\n\t\t<\/div>\n\t\t\t\t\t<\/div>\n\t\t<\/section>\n\t\t\t\t\t<\/div>\n\t\t<\/div>\n\t\t\t\t\t<\/div>\n\t\t<\/section>\n\t\t\t\t<section class=\"elementor-section elementor-top-section elementor-element elementor-element-2a4f4a7 elementor-section-boxed elementor-section-height-default elementor-section-height-default\" data-id=\"2a4f4a7\" data-element_type=\"section\">\n\t\t\t\t\t\t<div class=\"elementor-container elementor-column-gap-default\">\n\t\t\t\t\t<div class=\"elementor-column elementor-col-100 elementor-top-column elementor-element elementor-element-e238267\" data-id=\"e238267\" data-element_type=\"column\" data-settings=\"{&quot;background_background&quot;:&quot;classic&quot;}\">\n\t\t\t<div class=\"elementor-widget-wrap elementor-element-populated\">\n\t\t\t\t\t<div class=\"elementor-background-overlay\"><\/div>\n\t\t\t\t\t\t<div class=\"elementor-element elementor-element-5cca4e5 elementor-view-framed elementor-shape-circle elementor-position-top elementor-mobile-position-top elementor-widget elementor-widget-icon-box\" data-id=\"5cca4e5\" data-element_type=\"widget\" data-widget_type=\"icon-box.default\">\n\t\t\t\t<div class=\"elementor-widget-container\">\n\t\t\t\t\t\t\t<div class=\"elementor-icon-box-wrapper\">\n\n\t\t\t\t\t\t<div class=\"elementor-icon-box-icon\">\n\t\t\t\t<span  class=\"elementor-icon\">\n\t\t\t\t<i aria-hidden=\"true\" class=\"fas fa-chart-pie\"><\/i>\t\t\t\t<\/span>\n\t\t\t<\/div>\n\t\t\t\n\t\t\t\t\t\t<div class=\"elementor-icon-box-content\">\n\n\t\t\t\t\t\t\t\t\t<h3 class=\"elementor-icon-box-title\">\n\t\t\t\t\t\t<span  >\n\t\t\t\t\t\t\tCapacitaciones\t\t\t\t\t\t<\/span>\n\t\t\t\t\t<\/h3>\n\t\t\t\t\n\t\t\t\t\n\t\t\t<\/div>\n\t\t\t\n\t\t<\/div>\n\t\t\t\t\t\t<\/div>\n\t\t\t\t<\/div>\n\t\t\t\t<div class=\"elementor-element elementor-element-d756aae elementor-widget elementor-widget-text-editor\" data-id=\"d756aae\" data-element_type=\"widget\" data-widget_type=\"text-editor.default\">\n\t\t\t\t<div class=\"elementor-widget-container\">\n\t\t\t\t\t\t\t\t\t<p><span class=\"x-el x-el-span c1-68 c1-69 c1-b c1-c c1-d c1-e c1-f c1-g x-d-ux\">Proporcionamos a nuestros clientes la informaci\u00f3n necesaria que les ayudar\u00e1 a desarrollar una actitud preventiva, a alcanzar un buen manejo en situaciones de crisis que pudieran poner en riesgo la vida.<\/span><\/p><p><span class=\"x-el x-el-span c1-68 c1-69 c1-b c1-c c1-d c1-e c1-f c1-g x-d-ux\"><strong class=\"x-el x-el-span c1-20 c1-21 c1-61 c1-62 c1-63 c1-64 c1-b x-d-ux\">Beneficios:<\/strong><\/span><\/p><ul><li class=\"x-el x-el-span c1-68 c1-69 c1-b c1-c c1-d c1-e c1-f c1-g x-d-ux\">Crea confianza en el trabajador durante el desarrollo de sus funciones, al sentirse apto de maneja alguna situaci\u00f3n de riesgo.<\/li><li class=\"x-el x-el-span c1-68 c1-69 c1-b c1-c c1-d c1-e c1-f c1-g x-d-ux\">Mejora de la eficiencia del sistema de gesti\u00f3n de seguridad.<\/li><li class=\"x-el x-el-span c1-68 c1-69 c1-b c1-c c1-d c1-e c1-f c1-g x-d-ux\">Sensibilizaci\u00f3n sobre la importancia en los procesos de seguridad y le brinda herramientas a sus colaboradores se utilizan en su vida regular<\/li><\/ul>\t\t\t\t\t\t\t\t<\/div>\n\t\t\t\t<\/div>\n\t\t\t\t\t<\/div>\n\t\t<\/div>\n\t\t\t\t\t<\/div>\n\t\t<\/section>\n\t\t\t\t<\/div>\n\t\t","protected":false},"excerpt":{"rendered":"<p>Asesor\u00eda y consultor\u00eda Brindamos el mejor servicio de asesor\u00eda y consultor\u00eda optimizando los recursos en sus sistemas de seguridad y vigilancia. Desarrollamos e implementamos las mejores estrategias de seguridad, con la m\u00e1s alta tecnolog\u00eda y calidad garantizando eficacia en sus objetivos. Nuestras soluciones son adaptadas de acuerdo a necesidad de cada cliente, desde una persona [&hellip;]<\/p>\n","protected":false},"author":1,"featured_media":0,"parent":0,"menu_order":0,"comment_status":"closed","ping_status":"closed","template":"","meta":{"site-sidebar-layout":"no-sidebar","site-content-layout":"page-builder","ast-site-content-layout":"default","site-content-style":"default","site-sidebar-style":"default","ast-global-header-display":"","ast-banner-title-visibility":"","ast-main-header-display":"","ast-hfb-above-header-display":"","ast-hfb-below-header-display":"","ast-hfb-mobile-header-display":"","site-post-title":"disabled","ast-breadcrumbs-content":"","ast-featured-img":"disabled","footer-sml-layout":"","theme-transparent-header-meta":"default","adv-header-id-meta":"","stick-header-meta":"","header-above-stick-meta":"","header-main-stick-meta":"","header-below-stick-meta":"","astra-migrate-meta-layouts":"default","ast-page-background-enabled":"default","ast-page-background-meta":{"desktop":{"background-color":"","background-image":"","background-repeat":"repeat","background-position":"center center","background-size":"auto","background-attachment":"scroll","background-type":"","background-media":"","overlay-type":"","overlay-color":"","overlay-opacity":"","overlay-gradient":""},"tablet":{"background-color":"","background-image":"","background-repeat":"repeat","background-position":"center center","background-size":"auto","background-attachment":"scroll","background-type":"","background-media":"","overlay-type":"","overlay-color":"","overlay-opacity":"","overlay-gradient":""},"mobile":{"background-color":"","background-image":"","background-repeat":"repeat","background-position":"center center","background-size":"auto","background-attachment":"scroll","background-type":"","background-media":"","overlay-type":"","overlay-color":"","overlay-opacity":"","overlay-gradient":""}},"ast-content-background-meta":{"desktop":{"background-color":"var(--ast-global-color-5)","background-image":"","background-repeat":"repeat","background-position":"center center","background-size":"auto","background-attachment":"scroll","background-type":"","background-media":"","overlay-type":"","overlay-color":"","overlay-opacity":"","overlay-gradient":""},"tablet":{"background-color":"var(--ast-global-color-5)","background-image":"","background-repeat":"repeat","background-position":"center center","background-size":"auto","background-attachment":"scroll","background-type":"","background-media":"","overlay-type":"","overlay-color":"","overlay-opacity":"","overlay-gradient":""},"mobile":{"background-color":"var(--ast-global-color-5)","background-image":"","background-repeat":"repeat","background-position":"center center","background-size":"auto","background-attachment":"scroll","background-type":"","background-media":"","overlay-type":"","overlay-color":"","overlay-opacity":"","overlay-gradient":""}},"_joinchat":[],"footnotes":""},"class_list":["post-1333","page","type-page","status-publish","hentry"],"jetpack_sharing_enabled":true,"_links":{"self":[{"href":"https:\/\/estraseg.net\/index.php?rest_route=\/wp\/v2\/pages\/1333","targetHints":{"allow":["GET"]}}],"collection":[{"href":"https:\/\/estraseg.net\/index.php?rest_route=\/wp\/v2\/pages"}],"about":[{"href":"https:\/\/estraseg.net\/index.php?rest_route=\/wp\/v2\/types\/page"}],"author":[{"embeddable":true,"href":"https:\/\/estraseg.net\/index.php?rest_route=\/wp\/v2\/users\/1"}],"replies":[{"embeddable":true,"href":"https:\/\/estraseg.net\/index.php?rest_route=%2Fwp%2Fv2%2Fcomments&post=1333"}],"version-history":[{"count":15,"href":"https:\/\/estraseg.net\/index.php?rest_route=\/wp\/v2\/pages\/1333\/revisions"}],"predecessor-version":[{"id":1416,"href":"https:\/\/estraseg.net\/index.php?rest_route=\/wp\/v2\/pages\/1333\/revisions\/1416"}],"wp:attachment":[{"href":"https:\/\/estraseg.net\/index.php?rest_route=%2Fwp%2Fv2%2Fmedia&parent=1333"}],"curies":[{"name":"wp","href":"https:\/\/api.w.org\/{rel}","templated":true}]}}